pose 27*d - 2505 + 1371 = 0. What is the remainder when 626 is divided by d?
38
Suppose -l + 5 = 5*y + 3*l, -20 = 4*l. Suppose -y*w + 18 = w. Suppose -5*z + 367 = 4*v, -w*z + 3*v = -4*z + 69. Calculate the remainder when z is divided by 11.
9
Suppose -11*a + 173 = -10*a. Suppose 17*i = 8*i + 3114. Let x = i - a. What is the remainder when x is divided by 44?
41
Suppose 77 = -2*g + 6*g - 5*s, 3*s + 39 = 2*g. Suppose -g*x = -29*x + 198. What is the remainder when 178 is divided by x?
16
Let j(l) = -31*l + 533. What is the remainder when j(-4) is divided by 6?
3
Calculate the remainder when 2639 is divided by (-656)/(-14) - -11*15/(-3465)*-3.
7
Suppose 5*f + 39 = -1. Let g be f/(-36) - 1734/27. Calculate the remainder when g/(-28) - 4/14 is divided by 1.
0
Suppose 30*o - 29*o = -2. Let a be (o/(-6))/((-3)/(-9)). What is the remainder when 53 is divided by (a/(-1 + 0))/((-18)/342)?
15
Suppose -10*d + 700 = -3*d. Let b = d + -89. What is the remainder when b is divided by 3?
2
Suppose -185 = -16*i - 41. Let m = -9 - -1. Let a = 25 + m. What is the remainder when a is divided by i?
8
Suppose 4*g + 4*d + 196 = 0, 147 = -3*g - 0*g - d. Let m = -2159 - -2123. Let p = m - g. What is the remainder when 24 is divided by p?
11
Suppose 4355 = 32*l - 1405. Calculate the remainder when l is divided by 161.
19
Suppose 0 = 3*l - 13 - 32. Calculate the remainder when 1/(l/(-6)) + (-82)/(-5) is divided by 5.
1
Let o(h) = h + 1. Let u be o(4). Suppose 4 = 2*j + v - u*v, -2*v - 18 = -3*j. Suppose 0 = -5*l + 7 + j. Calculate the remainder when 16 is divided by l.
1
What is the remainder when 8904 is divided by ((-46)/20 - (-15)/10)*4270/(-28)?
120
Let a = 8956 + -8939. What is the remainder when 5982 is divided by a?
15
Let s(u) = 6*u + 132. What is the remainder when s(-2) is divided by 21?
15
What is the remainder when 55/33*(0 + -65 + 0)*-3 is divided by 38 + 1 + 1*2?
38
Suppose -4*a + 450 = 2*m, -9*m = -5*m + 5*a - 906. Let h = -97 + m. Calculate the remainder when h is divided by 35.
27
Suppose 0 = 16*q - 8768 + 8208. Calculate the remainder when 405 is divided by q.
20
Let y(b) = 7*b**3 + 1 - 2 - 138*b**2 + 139*b**2 + b. Suppose 0 = -q + 3*c + 2*c - 20, -3*c = 3*q - 30. What is the remainder when y(1) is divided by q?
3
Suppose -56*n + 51*n + 410 = 0. Suppose -86 = -l - n. What is the remainder when 33 is divided by l?
1
Let o(u) = u**3 + 20*u**2 + 25*u + 261. Calculate the remainder when o(-18) is divided by 5.
4
Let j = 27 - 1. What is the remainder when (-221 + (44 - 4))*-1 is divided by j?
25
Calculate the remainder when ((-3)/1)/(33/(-27082)) is divided by 88.
86
Suppose -4*d = -5*j - 5*d + 85, -4 = j - 4*d. Suppose -5*x - j = -41. Let f = -427235 - -427248. What is the remainder when f is divided by x?
3
Let z(l) = -232*l - 4402. What is the remainder when z(-22) is divided by 16?
14
Let g(x) = 28*x + 432. What is the remainder when 50 is divided by g(-14)?
10
Let y(p) be the first derivative of -3*p**2 + 74*p - 59. What is the remainder when -2 - (3 + -6 - 95) is divided by y(10)?
12
Suppose -19*c = -45*c + 42*c - 4304. Calculate the remainder when c is divided by 86.
11
Suppose -2*w - 138 = t, -14*w + 9*w - 675 = 5*t. Calculate the remainder when 8 is divided by (5 + 0)*(-8 + t/(-15)).
0
Let r = 359 - 333. Calculate the remainder when (-729)/(-6) - (-13)/r is divided by 25.
22
Suppose 2*p - 6*p = 60. Let j(i) = -i**3 - 16*i**2 - 13*i + 36. Calculate the remainder when 149 is divided by j(p).
5
Let i(p) be the second derivative of p**4/12 - p**2/2 + 7*p. Let o be (-4 + (-4 - -2))*1. Calculate the remainder when 138 is divided by i(o).
33
Suppose 71*o - 4024 = -687. Calculate the remainder when 984 is divided by o.
44
Let w = -4944 + 4950. Calculate the remainder when 147 is divided by w.
3
Let h(c) = -c**3 - 2*c**2 + 6*c + 7. Let o = -81 + -36. Let w = -122 - o. What is the remainder when h(w) is divided by 18?
16
Let n = -614 - -1358. Suppose i + 3*i = n. Calculate the remainder when i is divided by 38.
34
Suppose -11*s + 122 = -2958. Calculate the remainder when s is divided by 94.
92
Let a(l) be the second derivative of -5/2*l**2 + 0 + 11*l + 17/12*l**4 + 4/3*l**3. Calculate the remainder when a(3) is divided by 44.
40
Suppose 0 = -k + 5 - 10, -3*b - 3322 = 5*k. Calculate the remainder when (b/(-14))/(2/4) is divided by 51.
4
Suppose -12 = -3*a + 3*q, 4*a + 8*q - 52 = 3*q. Suppose 0 = -a*r + 57 + 191. What is the remainder when ((-354)/(-9))/(22/6 + -3) is divided by r?
28
Let x = 219 + -43. Calculate the remainder when x is divided by (55/143)/((-4)/(-52)).
1
Calculate the remainder when 4944 is divided by ((-8428)/245)/(4/(-10))*(-3)/(-6).
42
Let q = -3600 - -3826. What is the remainder when 476 is divided by q?
24
Suppose 3*v - 5343 = 3*m, -1781 = -113*v + 112*v - 5*m. What is the remainder when v is divided by 585?
26
Let k(d) = -2*d**3 + 12*d**2 - 2*d + 15. Let j be (-45)/(-30)*15*(-6)/(-27). Calculate the remainder when k(j) is divided by 29.
26
Let z be 84/10 + 30/50. Let q = 31 - z. Suppose 77*b + q = 79*b. Calculate the remainder when 54 is divided by b.
10
Suppose 4*j - 362*v - 92 = -367*v, -4*j - 3*v + 84 = 0. What is the remainder when 243 is divided by j?
9
Let k(y) = y**2 + 20*y - 1. Let n be k(-20). What is the remainder when (-10 - (6 + -15))/(n/82) is divided by 30?
22
Suppose 3*n - 103 = 4*u, 0 = -4*n + 9*n + 2*u - 137. Let p(k) = 9*k**3 + 3*k**2 - k + 1. What is the remainder when n is divided by p(1)?
5
Let s(w) = w. Suppose 5*n = -4*l + 721, n - 18*l - 149 = -14*l. What is the remainder when s(3) is divided by 29/(n/(-30)) - -7?
0
Calculate the remainder when 16/(192/(-2982))*-4 is divided by 38.
6
What is the remainder when 28/(-144) + (-8)/(-18) - 4464/(-64) is divided by 29?
12
Let s = 12 - 9. Suppose -102 = s*g - 9*g. What is the remainder when 55 is divided by g?
4
Let d = -77 - -52. Let c(u) = u**2 + 26*u + 61. What is the remainder when 179 is divided by c(d)?
35
Suppose -3*o - 3*p + 7*p + 72 = 0, -4*o - 3*p = -96. What is the remainder when o is divided by 12?
0
Let s(m) = 223*m - 2524. What is the remainder when s(12) is divided by 31?
28
Let d = -25 + 211. What is the remainder when d is divided by 2 + (2 + 7 - (-7 + 1 - (89 - 43)))?
60
Let i(q) be the first derivative of -q**4/4 - q**3 - 5*q**2 - 19*q + 43. Calculate the remainder when i(-4) is divided by 14.
9
Suppose 0 = -6*t + 8*t + 230. Let p = -87 - t. Suppose 2*n + 44 = 2*z - p, -3*z - n + 100 = 0. What is the remainder when z is divided by 14?
6
Let d(b) = 30*b**2 - 267*b - 1327. Calculate the remainder when d(-5) is divided by 11.
10
Suppose 145 = -2185*l + 2189*l - 5*m, 4*m = 12. Calculate the remainder when 112 is divided by l.
32
Let p(n) = n**2 + 5*n - 68. What is the remainder when 226 is divided by p(-15)?
62
Let p(z) = -12*z - 3. Let c(o) = -o**3 + 6*o**2 + 25*o + 16. Let j be c(9). Let q(r) = 9*r**2 + 25*r + 52. What is the remainder when p(-6) is divided by q(j)?
31
Suppose -5*x + 1521 = -3*v, v + 305 = 3*x - 2*x. Calculate the remainder when x is divided by 145.
13
Let m = -8985 + 18859. Calculate the remainder when m is divided by 83.
80
Let q(d) = d - 10 + 7 - 1 + 6*d. Let h be q(1). Suppose -c + 0 = -3, -4*y = -h*c - 43. Calculate the remainder when 48 is divided by y.
9
Let s = -51 + 72. Let q = 0 + -4. What is the remainder when ((-10)/q + -3)*-82 is divided by s?
20
What is the remainder when 88652/(-333)*(-8)/((-64)/(-36)) is divided by 200?
198
Suppose 5*w - 4*c = -5117, 8*w = 5*w + 4*c - 3067. What is the remainder when (-43460)/w - -3*(-4)/30 is divided by 22?
20
Let a = 421 + -298. Suppose 51*n - 8*n = -3096. Let h = n + a. What is the remainder when h is divided by 15?
6
Calculate the remainder when (2862/(-81))/(-1*(-2)/(-546)) + -2 is divided by 13.
11
Suppose 250*z = 283*z - 5577. Calculate the remainder when z is divided by 92.
77
Let w(z) = -z**2 + 31*z - 211. Calculate the remainder when 1*34 - (-5 + 5) is divided by w(20).
7
Suppose -5*b + 1180 = t, 2*t = b + 3*t - 240. Let q = 272 - b. Suppose v - 10 = 3. Calculate the remainder when q is divided by v.
11
Let m(i) = -3*i**2 - 106*i - 70. Calculate the remainder when 2243 is divided by m(-34).
65
Calculate the remainder when (5/(330/(-2211)))/(266/268 + -1) is divided by 90.
79